What is the tens digit of 110179?
7
What is the hundreds digit of 167852?
8
What is the ten thousands digit of 1793193?
9
What is the units digit of 145796?
6
What is the units digit of 691102?
2
What is the millions digit of 9677613?
9
What is the hundreds digit of 16350390?
3
What is the ten thousands digit of 17305265?
0
What is the thousands digit of 1254770?
4
What is the units digit of 2789688?
8
What is the millions digit of 10666123?
0
What is the millions digit of 9120458?
9
What is the thousands digit of 1968289?
8
What is the hundreds digit of 220554?
5
What is the tens digit of 87331?
3
What is the hundreds digit of 112636?
6
What is the tens digit of 1842728?
2
What is the units digit of 2116604?
4
What is the units digit of 449349?
9
What is the hundreds digit of 17278528?
5
What is the thousands digit of 152353?
2
What is the tens digit of 1307498?
9
What is the ten thousands digit of 44548?
4
What is the tens digit of 2704731?
3
What is the tens digit of 773607?
0
What is the hundred thousands digit of 16094763?
0
What is the hundreds digit of 7457917?
9
What is the hundred thousands digit of 143369?
1
What is the tens digit of 105327?
2
What is the units digit of 8055869?
9
What is the hundreds digit of 116339?
3
What is the units digit of 828977?
7
What is the thousands digit of 16996959?
6
What is the thousands digit of 8450978?
0
What is the tens digit of 401048?
4
What is the hundreds digit of 944342?
3
What is the thousands digit of 2795628?
5
What is the hundred thousands digit of 2200619?
2
What is the thousands digit of 531609?
1
What is the thousands digit of 99873?
9
What is the units digit of 306168?
8
What is the units digit of 385443?
3
What is the ten thousands digit of 2524457?
2
What is the thousands digit of 1025086?
5
What is the hundred thousands digit of 337229?
3
What is the units digit of 8733204?
4
What is the units digit of 488009?
9
What is the units digit of 553656?
6
What is the hundreds digit of 172419?
4
What is the thousands digit of 50238?
0
What is the thousands digit of 4177240?
7
What is the ten thousands digit of 618600?
1
What is the hundreds digit of 15606705?
7
What is the hundreds digit of 882130?
1
What is the units digit of 1612412?
2
What is the millions digit of 25570862?
5
What is the hundreds digit of 393842?
8
What is the hundred thousands digit of 5097743?
0
What is the thousands digit of 74014?
4
What is the units digit of 2185735?
5
What is the ten thousands digit of 4769701?
6
What is the ten thousands digit of 2850539?
5
What is the tens digit of 2593594?
9
What is the thousands digit of 83265?
3
What is the ten thousands digit of 114092?
1
What is the thousands digit of 539859?
9
What is the units digit of 710729?
9
What is the ten thousands digit of 11800998?
0
What is the millions digit of 18820225?
8
What is the millions digit of 3954002?
3
What is the units digit of 910547?
7
What is the millions digit of 2015543?
2
What is the units digit of 9942380?
0
What is the ten thousands digit of 8132227?
3
What is the units digit of 69903?
3
What is the hundreds digit of 1232285?
2
What is the ten thousands digit of 26076495?
7
What is the hundreds digit of 5214885?
8
What is the thousands digit of 232894?
2
What is the tens digit of 23703411?
1
What is the hundreds digit of 681419?
4
What is the units digit of 6095199?
9
What is the thousands digit of 26567317?
7
What is the millions digit of 20348070?
0
What is the tens digit of 3137196?
9
What is the hundred thousands digit of 31453920?
4
What is the millions digit of 12647473?
2
What is the units digit of 342195?
5
What is the hundreds digit of 1132686?
6
What is the units digit of 22982256?
6
What is the ten thousands digit of 2278026?
7
What is the hundreds digit of 85570?
5
What is the millions digit of 9980462?
9
What is the hundreds digit of 4749?
7
What is the hundred thousands digit of 168537?
1
What is the thousands digit of 145815?
5
What is the ten thousands digit of 120037?
2
What is the thousands digit of 296541?
6
What is the thousands digit of 1037145?
7
What is the tens digit of 80030?
3
What is the hundreds digit of 30804216?
2
What is the millions digit of 7049783?
7
What is the thousands digit of 194818?
4
What is the ten thousands digit of 180962?
8
What is the units digit of 282889?
9
What is the units digit of 2155126?
6
What is the hundreds digit of 2699758?
7
What is the tens digit of 93404?
0
What is the thousands digit of 355424?
5
What is the thousands digit of 6568938?
8
What is the hundreds digit of 5161517?
5
What is the units digit of 77916?
6
What is the hundred thousands digit of 6816381?
8
What is the millions digit of 20760305?
0
What is the units digit of 2656887?
7
What is the ten thousands digit of 326523?
2
What is the hundred thousands digit of 1343551?
3
What is the units digit of 2515183?
3
What is the units digit of 4670283?
3
What is the thousands digit of 17570434?
0
What is the tens digit of 280476?
7
What is the ten thousands digit of 54397?
5
What is the units digit of 6133116?
6
What is the millions digit of 14656220?
4
What is the hundred thousands digit of 5733392?
7
What is the units digit of 855172?
2
What is the millions digit of 1066230?
1
What is the thousands digit of 1423839?
3
What is the tens digit of 789506?
0
What is the hundred thousands digit of 5451396?
4
What is the units digit of 4993386?
6
What is the tens digit of 1002060?
6
What is the tens digit of 1095915?
1
What is the tens digit of 443440?
4
What is the ten thousands digit of 217461?
1
What is the millions digit of 4226617?
4
What is the thousands digit of 25464279?
4
What is the hundreds digit of 98186?
1
What is the units digit of 1147590?
0
What is the thousands digit of 1431687?
1
What is the hundred thousands digit of 621366?
6
What is the hundreds digit of 3080047?
0
What is the units digit of 1991?
1
What is the thousands digit of 6246928?
6
What is the tens digit of 241746?
4
What is the hundred thousands digit of 1983070?
9
What is the tens digit of 984062?
6
What is the ten thousands digit of 149789?
4
What is the tens digit of 939881?
8
What is the ten thousands digit of 8309167?
0
What is the hundreds digit of 337081?
0
What is the hundreds digit of 4187445?
4
What is the millions digit of 8440968?
8
What is the millions digit of 11235628?
1
What is the tens digit of 179278?
7
What is the tens digit of 153085?
8
What is the millions digit of 1319897?
1
What is the millions digit of 6462534?
6
What is the units digit of 4541374?
4
What is the ten thousands digit of 203401?
0
What is the thousands digit of 242445?
2
What is the hundred thousands digit of 8427705?
4
What is the hundreds digit of 539112?
1
What is the hundred thousands digit of 463140?
4
What is the units digit of 6408346?
6
What is the tens digit of 489658?
5
What is the ten thousands digit of 701667?
0
What is the units digit of 13619108?
8
What is the tens digit of 1959075?
7
What is the hundreds digit of 351524?
5
What is the units digit of 329630?
0
What is the tens digit of 2592650?
5
What is the tens digit of 54043?
4
What is the tens digit of 26751166?
6
What is the tens digit of 3219223?
2
What is the thousands digit of 230294?
0
What is the tens digit of 260999?
9
What is the millions digit of 8487605?
8
What is the thousands digit of 698252?
8
What is the ten thousands digit of 2060697?
6
What is the ten millions digit of 13217880?
1
What is the tens digit of 57917?
1
What is the units digit of 12350207?
7
What is the hundred thousands digit of 1874838?
8
What is the tens digit of 6168990?
9
What is the ten thousands digit of 273657?
7
What is the tens digit of 3163462?
6
What is the tens digit of 230195?
9
What is the ten thousands digit of 8105862?
0
What is the hundreds digit of 16170927?
9
What is the tens digit of 30965?
6
What is the tens digit of 31882357?
5
What is the hundred thousands digit of 205711?
2
What is the thousands digit of 3447894?
7
What is the tens digit of 4683456?
5
What is the hundred thousands digit of 1064067?
0
What is the thousands digit of 79295?
9
What is the millions digit of 27782445?
7
What is the millions digit of 11008186?
1
What is the units digit of 183174?
4
What is the hund